z)?
13
Let c = 45 - 23. Let i be (-15)/(-10) - 5/2. Calculate the remainder when (64 + -117)*(i - 1) is divided by c.
18
Let s = 86 - 82. What is the remainder when 13 is divided by -3 + 6 + s/(-2) - -3?
1
Let x(m) = -m**3 - m**2 - 3*m - 8. Suppose -3*i - 13*g - 67 + 464 = 0, 5*i - g = 503. Calculate the remainder when x(-6) is divided by i.
88
Let z(u) = 4*u**2 - 37*u - 60. Calculate the remainder when 2/(-3) + (-202)/(-6) is divided by z(11).
16
Suppose -5*g - 8*y = -4*y - 8659, g + 3*y = 1723. Suppose 3*b - 5*j - g = 0, 5*b - 4*j = -5*j + 2873. Calculate the remainder when b is divided by 48.
47
Suppose 5 = 4*w + 1, 3*x + 5*w + 70 = 0. Let g(o) = -16*o - 103. What is the remainder when (-143)/(-5) - 10/x is divided by g(-7)?
2
Let t be (-2)/(-3) + 786/9. Let a = -1811 + 1755. Let z = a + t. What is the remainder when 93 is divided by z?
29
Let y(l) = l**3 + 25*l**2 - 29*l + 20. Let k be y(-25). What is the remainder when ((9 - 4) + -4)/(5/k) is divided by 38?
35
Let k = -101 + 56. Let s = k - -34. Let l = s + 19. Calculate the remainder when 39 is divided by l.
7
Suppose -156*q - 19*q - 39*q = -43870. Suppose -5*i = 5*g - 160, -3*i + 26 = 4*g - 67. Calculate the remainder when q is divided by i.
30
Suppose 0 = -128*a + 1868 + 180. Let x = 8 - 11. Calculate the remainder when (x - 3)*(-62)/6 is divided by a.
14
Let k(f) = -f**3 - 12*f - 45 + 26*f**2 - 6*f - 20 + 12. What is the remainder when k(25) is divided by 42?
38
Let q(o) = 2*o**3 + 28*o**2 + 20*o + 20. Let k be q(-11). Suppose 5*r + k = 731. Let m(w) = 11*w - 8. Calculate the remainder when m(8) is divided by r.
39
Let v(z) = 14*z - 3. Suppose -132 = -4*l - 92. Suppose -l*u + 18 = -22. What is the remainder when v(u) is divided by 27?
26
Let c(b) = 3*b**3 + 3*b**2 - 28*b + 9. Calculate the remainder when c(5) is divided by 20.
19
Suppose 2*r + 3*r = 3210. Suppose -7*z + r = -z. Suppose -9*j = -z - 118. Calculate the remainder when j is divided by 9.
7
Let l be (-8)/(-5)*(-15)/(-6). Suppose -l*v - 91 = -w, 3*v - 132 - 232 = -4*w. Calculate the remainder when w is divided by 6 + (11 + -25 - -24).
11
Let t be -1 + 2 + (4695 + 5 - -6). Suppose -8*o = o - t. Suppose -5*z + h + 2*h = -891, -o = -3*z - 4*h. Calculate the remainder when z is divided by 9.
6
Suppose 0 = -5*m + 5*i + 5360, 0 = 5*m - 38*i + 40*i - 5395. Calculate the remainder when m is divided by 77.
76
Let l be 4 - -522 - (-1 + 3). Let u = l - 460. Calculate the remainder when u is divided by 53.
11
Let q(s) = -s**3 + 5*s**2 - 51*s - 503. What is the remainder when q(-8) is divided by 39?
35
Let m = -267 + 119. Let f = m + 169. Let l(v) = -5*v**3 - v**2 + v + 2. Calculate the remainder when l(-2) is divided by f.
15
Suppose -50*q + 3360 = 30*q. Calculate the remainder when (-6)/(-6) + 1*249 is divided by q.
40
Suppose 8815 = -11*o + 1379. Let l = o + 679. Suppose -6 + 23 = a. Calculate the remainder when a is divided by l.
2
Let f = -2653 + 3692. Calculate the remainder when f is divided by 151.
133
Let h = 64 + 14. What is the remainder when h*1*(-3)/(-6) is divided by 1173/138*20/17 + (0 - 2)?
7
Let d(l) = 26*l - 1252. What is the remainder when 7961 is divided by d(49)?
19
Let g(t) be the first derivative of 2*t**2 + 24*t + 8. Calculate the remainder when ((-28)/(-35))/(2/195) is divided by g(-2).
14
Let y = 770 + -723. Suppose 2*n + p = 5*n - 263, -4*n - 2*p = -364. What is the remainder when n is divided by y?
42
Let l = -2100 + 2139. Calculate the remainder when 189 is divided by l.
33
Suppose 0 = -72*q + 79*q - 28. Suppose -q*z + 45 = h, 5*z + 294 = 5*h + 2*z. Let p = -7 + 19. Calculate the remainder when h is divided by p.
9
Let x(g) = -2*g**3 + 21*g**2 + 42*g - 48. Calculate the remainder when 29 is divided by x(12).
5
Let p = -4197 - -5386. Calculate the remainder when p is divided by 10.
9
Let v(t) = 4 + 15 - 15 + 11*t. What is the remainder when v(17) is divided by 53?
32
Suppose 619 + 21 = -314*m + 324*m. Calculate the remainder when m is divided by 44.
20
Suppose -136*o - 7168 = -168*o. What is the remainder when 464 is divided by o?
16
Let i(d) = -84*d + 969. What is the remainder when 55 is divided by i(11)?
10
Suppose -4*g - 4*m + 1188 = 0, 13*g - 12*g - 3*m - 289 = 0. What is the remainder when g is divided by 61?
51
Let p = 34 - -5. Calculate the remainder when ((-56)/42)/((-36)/162) - -185 is divided by p.
35
Suppose -8*j + 5*j = -39*j + 972. Let x(w) = w + 5. Let k be x(-6). Calculate the remainder when j is divided by 6 - (1 + k)/(-1).
3
Suppose 2*u = 6, m + 4*u = 42 + 23. Let x = -261 + 261. Suppose -33*t - 63 + 459 = x. What is the remainder when m is divided by t?
5
Calculate the remainder when (-1068)/(-3)*11/22 is divided by 14.
10
Let u(i) = -i**3 - i**2 + i. Let s be u(0). Suppose s = -2*k - 350 + 60. Let q = k - -218. What is the remainder when q is divided by 19?
16
Suppose -160 = -0*f - 5*f. Suppose -4*w = -b - 178, 35 - 41 = -3*b. Calculate the remainder when w is divided by f.
13
What is the remainder when -17 + (-65388)/(-30) - (-32)/(-20) is divided by 103?
101
Let k = -1720 - -1761. Calculate the remainder when 52 is divided by k.
11
Suppose 787*n - 792*n + 23185 = 0. Calculate the remainder when n is divided by 145.
142
Suppose -x + 5*d = 37, 0 = x - 4*d + 18 + 14. What is the remainder when (9/4)/((-1)/x) is divided by (-6)/2 + 10 - 0?
6
Suppose -r + 3 = -3*i + 26, 0 = -4*r - 4*i - 92. Let l(j) = 2*j + 49. Let b be l(r). Suppose b*f = -11 + 56. Calculate the remainder when 119 is divided by f.
14
Suppose -2*o + 5*w - 8 = 0, 5*o - 3*w = 10*o + 82. Calculate the remainder when (-27)/3*(-143)/(-66)*o is divided by 11.
9
Calculate the remainder when ((-10)/(-8))/((-12 + 8)/16) - -1217 is divided by 1202.
10
Suppose -22 = -p - 10*p. Suppose -14 = -p*w + 164. Calculate the remainder when w is divided by 21.
5
Suppose -18*c = -13*c - 225. Let o(g) = g**3 - 5*g**2 - 53*g - 9. What is the remainder when c is divided by o(-5)?
3
Let j(v) = 147*v**2 + 23*v + 139. Calculate the remainder when j(-7) is divided by 21.
20
Suppose -68 = -5*i + 12. Let k(d) = -d**3 - 7*d**2 - 12*d - 5. Let v be 23/(-184) - 39/8. Calculate the remainder when i is divided by k(v).
1
Suppose -2*z + t + 46 = 0, -z - 7 = 3*t - 37. Suppose -z*b = -b - 368. What is the remainder when 26 is divided by b?
10
Let g(m) = m**3 - 12*m**2 + 10*m + 15. Suppose 2*d - 2*h + h = 8, 0 = 5*d - 2*h - 22. Let f be (4/d)/(4/66). Calculate the remainder when 11 is divided by g(f).
3
Let b = 18 + -15. Let k(v) = -3*v - v**3 + 14 + b*v**2 + 5*v - v**2. What is the remainder when 25 is divided by k(0)?
11
Suppose 2*m - 2*h + 50 = 0, -2*h - 2*h = m + 30. Let w = -18 - m. Suppose -9*s + 65 = -w*s. Calculate the remainder when 389 is divided by s.
64
Let s(b) = -78*b - 270. Calculate the remainder when s(-8) is divided by 87.
6
Let n(g) = -4*g - 54. Let b be n(-14). Suppose -3*y + 39 = b*h + 2*y, -h + 5*y - 3 = 0. What is the remainder when 40 is divided by h?
4
Suppose r - 3448 = 3*t, -r + 5*t = -1061 - 2385. Calculate the remainder when r is divided by 182.
175
Suppose v = 4*v - 3, 0 = 3*d + 5*v - 80. Let h(f) = -988*f - 21664. What is the remainder when h(-22) is divided by d?
22
Let i(n) = n**2 - 6*n + 4. Let c = 350 - 315. Let u = c + -28. What is the remainder when u is divided by i(6)?
3
Let i = -2804 + 3046. What is the remainder when i is divided by 94?
54
Let s be 30/(-135) + (-40)/(-18). Suppose -2*y + 12 = y, -s*y = -5*q + 112. Suppose -3*x + 88 = -53. What is the remainder when x is divided by q?
23
Suppose 0 = -42*i + 39*i + 27*i - 11928. Calculate the remainder when i is divided by 316.
181
Suppose 0 = 4*s - 20 - 272. Suppose 3*d + s = -62. Let z = d + 88. Calculate the remainder when z is divided by 22.
21
Let c = -7 + 13. Suppose -28*w + 15 = -69. Calculate the remainder when c is divided by w.
0
Let p = 56 - 49. Let q be 3/(-7) - (-1375)/p. Suppose -4*r - q = -4*a, 117 = 4*a + 5*r - 52. Calculate the remainder when a is divided by 25.
21
Let j = 51 - -2. Let v = -49 + j. Suppose -5*g - 73 = -2*h, 3*h - g - 102 = v*g. Calculate the remainder when h is divided by 8.
5
Let p(t) = -t**2 + t + 45. Let y be p(7). Suppose -4*l = -y*a - 61, 6*l - 5*l - 4 = 3*a. What is the remainder when 206 is divided by l?
16
Let n = -17 + 18. Let p(d